{"id":106,"date":"2021-10-01T13:12:27","date_gmt":"2021-10-01T11:12:27","guid":{"rendered":"https:\/\/zagorz.przemyska.pl\/?page_id=106"},"modified":"2022-01-17T20:20:38","modified_gmt":"2022-01-17T19:20:38","slug":"historia-kosciola","status":"publish","type":"page","link":"https:\/\/zagorz.przemyska.pl\/index.php\/parafia\/historia-kosciola\/","title":{"rendered":"HISTORIA KO\u015aCIO\u0141A"},"content":{"rendered":"<p><img loading=\"lazy\" decoding=\"async\" class=\" wp-image-68 alignleft\" src=\"https:\/\/zagorz.przemyska.pl\/wp-content\/uploads\/2021\/10\/unnamed.jpg\" alt=\"\" width=\"218\" height=\"193\"><\/p>\n<p style=\"text-align: justify;\"><strong>P\u00f3\u017anobarokowy ko\u015bci\u00f3\u0142<\/strong> parafialny w Starym Zag\u00f3rzu, zbudowany w drugiej \u0107wierci XVIII wieku, przypuszczalnie z wykorzystaniem mur\u00f3w wspomnianej gotyckiej kaplicy, to budowla jednonawowa, z przedsionkiem i zakrysti\u0105. Ko\u015bci\u00f3\u0142 wzniesiony jest z kamienia i pokryty tynkiem.<\/p>\n<p style=\"text-align: justify;\"><strong>Nawa g\u0142\u00f3wna<\/strong>, o&nbsp;rzucie prostok\u0105tnym, jest tr\u00f3jprz\u0119s\u0142owa, a&nbsp;\u0142ukowe barokowe sklepienie opiera si\u0119 na \u015bcianach. Przy do\u015b\u0107 kr\u00f3tkim prezbiterium znajduje si\u0119 zakrystia; kiedy\u015b na pi\u0119trze by\u0142a dawna lo\u017ca kolatorska. W&nbsp;fasadzie ko\u015bcio\u0142a, w&nbsp;niszach, stoj\u0105 rze\u017aby \u015bw.&nbsp;\u015bw. Piotra i&nbsp;Paw\u0142a; pomi\u0119dzy nimi umieszczona jest pami\u0105tkowa tablica.<\/p>\n<p><img loading=\"lazy\" decoding=\"async\" class=\" wp-image-107 alignright\" src=\"https:\/\/zagorz.przemyska.pl\/wp-content\/uploads\/2021\/10\/kosciol03-225x300.jpg\" alt=\"\" width=\"165\" height=\"220\" srcset=\"https:\/\/zagorz.przemyska.pl\/wp-content\/uploads\/2021\/10\/kosciol03-225x300.jpg 225w, https:\/\/zagorz.przemyska.pl\/wp-content\/uploads\/2021\/10\/kosciol03.jpg 300w\" sizes=\"(max-width: 165px) 100vw, 165px\" \/><\/p>\n<p style=\"text-align: justify;\"><strong>Ju\u017c od drzwi wej\u015bciowych<\/strong> zwraca uwag\u0119 barokowy o\u0142tarz g\u0142\u00f3wny, zwie\u0144czony figur\u0105 przedstawiaj\u0105c\u0105 scen\u0119 Wniebowzi\u0119cia Naj\u015bwi\u0119tszej Marii Panny. Po bokach o\u0142tarza stoj\u0105 figury \u015bw.&nbsp;Piotra i&nbsp;\u015bw. Paw\u0142a oraz dwie postaci alegoryczne. W&nbsp;o\u0142tarzu g\u0142\u00f3wny znajduje si\u0119 najwi\u0119kszy skarb zag\u00f3rskiej \u015bwi\u0105tyni \u2013 \u0142askami s\u0142yn\u0105cy p\u00f3\u017anogotycki&nbsp;obraz Zwiastowania Naj\u015bwi\u0119tszej Marii Pannie.<\/p>\n<p><img loading=\"lazy\" decoding=\"async\" class=\" wp-image-60 alignleft\" src=\"https:\/\/zagorz.przemyska.pl\/wp-content\/uploads\/2021\/10\/cropped-matka_nowego-1-300x300.jpg\" alt=\"\" width=\"205\" height=\"205\" srcset=\"https:\/\/zagorz.przemyska.pl\/wp-content\/uploads\/2021\/10\/cropped-matka_nowego-1-300x300.jpg 300w, https:\/\/zagorz.przemyska.pl\/wp-content\/uploads\/2021\/10\/cropped-matka_nowego-1-150x150.jpg 150w, https:\/\/zagorz.przemyska.pl\/wp-content\/uploads\/2021\/10\/cropped-matka_nowego-1-75x75.jpg 75w, https:\/\/zagorz.przemyska.pl\/wp-content\/uploads\/2021\/10\/cropped-matka_nowego-1-270x270.jpg 270w, https:\/\/zagorz.przemyska.pl\/wp-content\/uploads\/2021\/10\/cropped-matka_nowego-1-192x192.jpg 192w, https:\/\/zagorz.przemyska.pl\/wp-content\/uploads\/2021\/10\/cropped-matka_nowego-1-180x180.jpg 180w, https:\/\/zagorz.przemyska.pl\/wp-content\/uploads\/2021\/10\/cropped-matka_nowego-1-32x32.jpg 32w, https:\/\/zagorz.przemyska.pl\/wp-content\/uploads\/2021\/10\/cropped-matka_nowego-1.jpg 512w\" sizes=\"(max-width: 205px) 100vw, 205px\" \/><\/p>\n<p>&nbsp;<\/p>\n<p style=\"text-align: justify;\">&nbsp;<\/p>\n","protected":false},"excerpt":{"rendered":"<p>P\u00f3\u017anobarokowy ko\u015bci\u00f3\u0142 parafialny w Starym Zag\u00f3rzu, zbudowany w drugiej \u0107wierci XVIII wieku, przypuszczalnie z wykorzystaniem mur\u00f3w wspomnianej gotyckiej kaplicy, to budowla jednonawowa, z przedsionkiem i zakrysti\u0105. Ko\u015bci\u00f3\u0142 wzniesiony jest z kamienia i pokryty tynkiem. Nawa g\u0142\u00f3wna, o&nbsp;rzucie prostok\u0105tnym, jest tr\u00f3jprz\u0119s\u0142owa, a&nbsp;\u0142ukowe barokowe sklepienie opiera si\u0119 [&hellip;]<\/p>\n","protected":false},"author":1,"featured_media":0,"parent":16,"menu_order":1,"comment_status":"closed","ping_status":"closed","template":"","meta":{"ngg_post_thumbnail":0,"footnotes":""},"class_list":["post-106","page","type-page","status-publish","hentry"],"_links":{"self":[{"href":"https:\/\/zagorz.przemyska.pl\/index.php\/wp-json\/wp\/v2\/pages\/106"}],"collection":[{"href":"https:\/\/zagorz.przemyska.pl\/index.php\/wp-json\/wp\/v2\/pages"}],"about":[{"href":"https:\/\/zagorz.przemyska.pl\/index.php\/wp-json\/wp\/v2\/types\/page"}],"author":[{"embeddable":true,"href":"https:\/\/zagorz.przemyska.pl\/index.php\/wp-json\/wp\/v2\/users\/1"}],"replies":[{"embeddable":true,"href":"https:\/\/zagorz.przemyska.pl\/index.php\/wp-json\/wp\/v2\/comments?post=106"}],"version-history":[{"count":6,"href":"https:\/\/zagorz.przemyska.pl\/index.php\/wp-json\/wp\/v2\/pages\/106\/revisions"}],"predecessor-version":[{"id":212,"href":"https:\/\/zagorz.przemyska.pl\/index.php\/wp-json\/wp\/v2\/pages\/106\/revisions\/212"}],"up":[{"embeddable":true,"href":"https:\/\/zagorz.przemyska.pl\/index.php\/wp-json\/wp\/v2\/pages\/16"}],"wp:attachment":[{"href":"https:\/\/zagorz.przemyska.pl\/index.php\/wp-json\/wp\/v2\/media?parent=106"}],"curies":[{"name":"wp","href":"https:\/\/api.w.org\/{rel}","templated":true}]}}

HISTORIA KOŚCIOŁA

<p><img loading="lazy" decoding="async" class=" wp-image-68 alignleft" src="https://zagorz.przemyska.pl/wp-content/uploads/2021/10/unnamed.jpg" alt="" width="218" height="193"></p>
<p style="text-align: justify;"><strong>Późnobarokowy kościół</strong> parafialny w Starym Zagórzu, zbudowany w drugiej ćwierci XVIII wieku, przypuszczalnie z wykorzystaniem murów wspomnianej gotyckiej kaplicy, to budowla jednonawowa, z przedsionkiem i zakrystią. Kościół wzniesiony jest z kamienia i pokryty tynkiem.</p>
<p style="text-align: justify;"><strong>Nawa główna</strong>, o&nbsp;rzucie prostokątnym, jest trójprzęsłowa, a&nbsp;łukowe barokowe sklepienie opiera się na ścianach. Przy dość krótkim prezbiterium znajduje się zakrystia; kiedyś na piętrze była dawna loża kolatorska. W&nbsp;fasadzie kościoła, w&nbsp;niszach, stoją rzeźby św.&nbsp;św. Piotra i&nbsp;Pawła; pomiędzy nimi umieszczona jest pamiątkowa tablica.</p>
<p><img loading="lazy" decoding="async" class=" wp-image-107 alignright" src="https://zagorz.przemyska.pl/wp-content/uploads/2021/10/kosciol03-225x300.jpg" alt="" width="165" height="220" srcset="https://zagorz.przemyska.pl/wp-content/uploads/2021/10/kosciol03-225x300.jpg 225w, https://zagorz.przemyska.pl/wp-content/uploads/2021/10/kosciol03.jpg 300w" sizes="(max-width: 165px) 100vw, 165px" /></p>
<p style="text-align: justify;"><strong>Już od drzwi wejściowych</strong> zwraca uwagę barokowy ołtarz główny, zwieńczony figurą przedstawiającą scenę Wniebowzięcia Najświętszej Marii Panny. Po bokach ołtarza stoją figury św.&nbsp;Piotra i&nbsp;św. Pawła oraz dwie postaci alegoryczne. W&nbsp;ołtarzu główny znajduje się największy skarb zagórskiej świątyni – łaskami słynący późnogotycki&nbsp;obraz Zwiastowania Najświętszej Marii Pannie.</p>
<p><img loading="lazy" decoding="async" class=" wp-image-60 alignleft" src="https://zagorz.przemyska.pl/wp-content/uploads/2021/10/cropped-matka_nowego-1-300x300.jpg" alt="" width="205" height="205" srcset="https://zagorz.przemyska.pl/wp-content/uploads/2021/10/cropped-matka_nowego-1-300x300.jpg 300w, https://zagorz.przemyska.pl/wp-content/uploads/2021/10/cropped-matka_nowego-1-150x150.jpg 150w, https://zagorz.przemyska.pl/wp-content/uploads/2021/10/cropped-matka_nowego-1-75x75.jpg 75w, https://zagorz.przemyska.pl/wp-content/uploads/2021/10/cropped-matka_nowego-1-270x270.jpg 270w, https://zagorz.przemyska.pl/wp-content/uploads/2021/10/cropped-matka_nowego-1-192x192.jpg 192w, https://zagorz.przemyska.pl/wp-content/uploads/2021/10/cropped-matka_nowego-1-180x180.jpg 180w, https://zagorz.przemyska.pl/wp-content/uploads/2021/10/cropped-matka_nowego-1-32x32.jpg 32w, https://zagorz.przemyska.pl/wp-content/uploads/2021/10/cropped-matka_nowego-1.jpg 512w" sizes="(max-width: 205px) 100vw, 205px" /></p>
<p>&nbsp;</p>
<p style="text-align: justify;">&nbsp;</p>

<p>Późnobarokowy kościół parafialny w Starym Zagórzu, zbudowany w drugiej ćwierci XVIII wieku, przypuszczalnie z wykorzystaniem murów wspomnianej gotyckiej kaplicy, to budowla jednonawowa, z przedsionkiem i zakrystią. Kościół wzniesiony jest z kamienia i pokryty tynkiem. Nawa główna, o&nbsp;rzucie prostokątnym, jest trójprzęsłowa, a&nbsp;łukowe barokowe sklepienie opiera się [&hellip;]</p>
