{"id":118,"date":"2021-10-01T14:03:20","date_gmt":"2021-10-01T12:03:20","guid":{"rendered":"https:\/\/zagorz.przemyska.pl\/?page_id=118"},"modified":"2022-01-17T20:27:35","modified_gmt":"2022-01-17T19:27:35","slug":"ruiny-klasztoru-karmelitow-bosych","status":"publish","type":"page","link":"https:\/\/zagorz.przemyska.pl\/index.php\/parafia\/ruiny-klasztoru-karmelitow-bosych\/","title":{"rendered":"KLASZTOR"},"content":{"rendered":"<p style=\"text-align: justify;\">&nbsp;<img loading=\"lazy\" decoding=\"async\" class=\"size-medium wp-image-122 alignleft\" src=\"https:\/\/zagorz.przemyska.pl\/wp-content\/uploads\/2021\/10\/ruiny_klasztoru01-224x300.jpg\" alt=\"\" width=\"224\" height=\"300\" srcset=\"https:\/\/zagorz.przemyska.pl\/wp-content\/uploads\/2021\/10\/ruiny_klasztoru01-224x300.jpg 224w, https:\/\/zagorz.przemyska.pl\/wp-content\/uploads\/2021\/10\/ruiny_klasztoru01.jpg 300w\" sizes=\"(max-width: 224px) 100vw, 224px\" \/>Na wzg\u00f3rzu nad Os\u0142aw\u0105, zwanym Marymontem, wznosz\u0105 si\u0119 ruiny warownego klasztoru i&nbsp;ko\u015bcio\u0142a Karmelit\u00f3w Bosych, kt\u00f3rego fundatorem by\u0142 Jan Franciszek Stadnicki. Otoczony murem obronnym kompleks budowli, do kt\u00f3rych nale\u017ca\u0142y tak\u017ce foresteria, szpital dla weteran\u00f3w wojskowych (poza murami klasztornymi) i&nbsp;kordegarda, powsta\u0142 na pocz\u0105tku XVIII wieku, a&nbsp;pierwotny akt fundacji mia\u0142 miejsce prawdopodobnie w&nbsp;1700 roku. Zakonnicy przybyli do Zag\u00f3rza w&nbsp;1714 roku. Biskup przemyski, Jak Kazimierz de Alten Bohum dokona\u0142 uroczystego wprowadzenia i&nbsp;po\u015bwi\u0119ci\u0142 kamie\u0144 w\u0119gielny pod ko\u015bci\u00f3\u0142 klasztorny (pocz\u0105tkowo pw. Nawiedzenia, p\u00f3\u017aniej Zwiastowania NMP). \u015awi\u0105tyni\u0119 wzniesiono w&nbsp;stylu barokowym, a&nbsp;bezwie\u017cowa, tr\u00f3jprz\u0119s\u0142owa fasada nawi\u0105zywa\u0142a do rzymskiego ko\u015bcio\u0142a Il Gesu. Przy prezbiterium znajdowa\u0142y si\u0119 dwie wie\u017ce; \u015bciany ko\u015bcio\u0142a ozdobione by\u0142y freskami iluzjonistycznymi, kt\u00f3rych pozosta\u0142o\u015bci mo\u017cna zobaczy\u0107 jeszcze dzi\u015b. W&nbsp;1726 roku klasztor podniesiono do godno\u015bci przeoratu, cztery lata p\u00f3\u017aniej uko\u0144czono ca\u0142o\u015b\u0107 zabudowa\u0144, a&nbsp;nast\u0119pnie otoczono je murami obronnymi. W&nbsp;1772 roku wojska rosyjskie oblega\u0142y w&nbsp;klasztorze konfederat\u00f3w barskich; wskutek ostrza\u0142u wybuch\u0142 po\u017car, kt\u00f3ry wyrz\u0105dzi\u0142 znaczne szkody. Po tych wydarzeniach konwent nie odzyska\u0142 ju\u017c dawnej \u015bwietno\u015bci, tym bardziej, \u017ce pod zaborem austriackim funkcjonowanie zgromadze\u0144 zakonnych by\u0142o bardzo utrudnione. Nast\u0105pi\u0142 upadek \u017cycia zakonnego; braci i&nbsp;ojc\u00f3w kierowano do pracy w&nbsp;parafiach. W&nbsp;tym czasie w&nbsp;klasztorze znajdowa\u0142 si\u0119 r\u00f3wnie\u017c dom poprawczy dla ksi\u0119\u017cy.<img loading=\"lazy\" decoding=\"async\" class=\"size-medium wp-image-121 alignright\" src=\"https:\/\/zagorz.przemyska.pl\/wp-content\/uploads\/2021\/10\/ruiny_klasztoru06-224x300.jpg\" alt=\"\" width=\"224\" height=\"300\" srcset=\"https:\/\/zagorz.przemyska.pl\/wp-content\/uploads\/2021\/10\/ruiny_klasztoru06-224x300.jpg 224w, https:\/\/zagorz.przemyska.pl\/wp-content\/uploads\/2021\/10\/ruiny_klasztoru06.jpg 300w\" sizes=\"(max-width: 224px) 100vw, 224px\" \/><\/p>\n<p style=\"text-align: justify;\"><img loading=\"lazy\" decoding=\"async\" class=\"size-full wp-image-119 alignleft\" src=\"https:\/\/zagorz.przemyska.pl\/wp-content\/uploads\/2021\/10\/ruiny_klasztoru02.jpg\" alt=\"\" width=\"300\" height=\"200\"><\/p>\n<p style=\"text-align: justify;\">26 listopada 1822 roku, z&nbsp;niewyja\u015bnionych do dzi\u015b przyczyn, wybuch\u0142 po\u017car, kt\u00f3ry zniszczy\u0142 ca\u0142kowicie wi\u0105zania dachowe klasztoru i&nbsp;ko\u015bcio\u0142a. Siedem lat p\u00f3\u017aniej nast\u0105pi\u0142a likwidacja konwentu, za\u015b maj\u0105tki i&nbsp;legaty klasztoru przesz\u0142y na skarb pa\u0144stwa i&nbsp;do funduszu religijnego.<\/p>\n<p style=\"text-align: justify;\">Przez nast\u0119pne 135 lat budowla niszcza\u0142a; dopiero w 1957 roku kuria przemyska przekaza\u0142a ruiny zakonowi karmelit\u00f3w i podj\u0119to pr\u00f3b\u0119 odbudowy. Uporz\u0105dkowano teren i rozpocz\u0119to przygotowania, w kr\u00f3tkim czasie wykonano wiele niezb\u0119dnych prac. Starano si\u0119 zdobywa\u0107 fundusze \u2013 zakonnicy wydali np. okoliczno\u015bciowe kartki \u2013 cegie\u0142ki. O. J\u00f3zef od Matki Boskiej z G\u00f3ry Karmel (o. Jan Prus) kieruj\u0105cy odbudow\u0105 uda\u0142 si\u0119 do Stan\u00f3w Zjednoczonych, by tam zbiera\u0107 pieni\u0105dze. Niestety, tu\u017c po powrocie do Zag\u00f3rza, o. J\u00f3zef zmar\u0142. \u00d3wczesne w\u0142adze zmusi\u0142y karmelit\u00f3w do zaprzestania odbudowy.<\/p>\n<p style=\"text-align: justify;\">Do 1997 roku mury ulega\u0142y dalszej dewastacji. Na szcz\u0119\u015bcie w&nbsp;ko\u0144cu podj\u0119to prace nad utrzymaniem obiektu w&nbsp;stanie trwa\u0142ej ruiny, wzmocniono \u015bcian\u0119 prezbiterium, odbudowano wie\u017ce. Obecnie pod nadzorem Wojew\u00f3dzkiego Konserwatora Zabytk\u00f3w, trwaj\u0105 prace przy restauracji muru obronnego. Na cok\u00f3\u0142 przed frontonem ko\u015bcio\u0142a powr\u00f3ci\u0142a figura Matki Boskiej Szkaplerznej. Na wzg\u00f3rzu odprawiane s\u0105 nabo\u017ce\u0144stwa majowe i&nbsp;uroczysta Msza \u015awi\u0119ta w&nbsp;dzie\u0144 Matki Boskiej Szkaplerznej, patronki Karmelu.<\/p>\n<p style=\"text-align: justify;\"><img loading=\"lazy\" decoding=\"async\" class=\"size-full wp-image-120 alignleft\" src=\"https:\/\/zagorz.przemyska.pl\/wp-content\/uploads\/2021\/10\/ruiny_klasztoru05.jpg\" alt=\"\" width=\"300\" height=\"200\"><\/p>\n<p style=\"text-align: justify;\">Dzi\u015b, na otoczonym zachowanymi jeszcze murami obronnymi terenie, opr\u00f3cz monumentalnej bry\u0142y ko\u015bcio\u0142a mo\u017cna zobaczy\u0107 pozosta\u0142o\u015bci budynku kordegardy, klasztoru, cel zakonnych i&nbsp;zabudowa\u0144 gospodarczych. Ca\u0142y obiekt stoi na wynios\u0142ym wzg\u00f3rzu, otoczonym z&nbsp;trzech stron korytem Os\u0142awy. Na teren klasztorny prowadzi brama w&nbsp;murach obronnych.<\/p>\n<p style=\"text-align: justify;\">&nbsp;<\/p>\n","protected":false},"excerpt":{"rendered":"<p>&nbsp;Na wzg\u00f3rzu nad Os\u0142aw\u0105, zwanym Marymontem, wznosz\u0105 si\u0119 ruiny warownego klasztoru i&nbsp;ko\u015bcio\u0142a Karmelit\u00f3w Bosych, kt\u00f3rego fundatorem by\u0142 Jan Franciszek Stadnicki. Otoczony murem obronnym kompleks budowli, do kt\u00f3rych nale\u017ca\u0142y tak\u017ce foresteria, szpital dla weteran\u00f3w wojskowych (poza murami klasztornymi) i&nbsp;kordegarda, powsta\u0142 na pocz\u0105tku XVIII wieku, a&nbsp;pierwotny akt [&hellip;]<\/p>\n","protected":false},"author":1,"featured_media":0,"parent":16,"menu_order":5,"comment_status":"closed","ping_status":"closed","template":"","meta":{"ngg_post_thumbnail":0,"footnotes":""},"class_list":["post-118","page","type-page","status-publish","hentry"],"_links":{"self":[{"href":"https:\/\/zagorz.przemyska.pl\/index.php\/wp-json\/wp\/v2\/pages\/118"}],"collection":[{"href":"https:\/\/zagorz.przemyska.pl\/index.php\/wp-json\/wp\/v2\/pages"}],"about":[{"href":"https:\/\/zagorz.przemyska.pl\/index.php\/wp-json\/wp\/v2\/types\/page"}],"author":[{"embeddable":true,"href":"https:\/\/zagorz.przemyska.pl\/index.php\/wp-json\/wp\/v2\/users\/1"}],"replies":[{"embeddable":true,"href":"https:\/\/zagorz.przemyska.pl\/index.php\/wp-json\/wp\/v2\/comments?post=118"}],"version-history":[{"count":3,"href":"https:\/\/zagorz.przemyska.pl\/index.php\/wp-json\/wp\/v2\/pages\/118\/revisions"}],"predecessor-version":[{"id":219,"href":"https:\/\/zagorz.przemyska.pl\/index.php\/wp-json\/wp\/v2\/pages\/118\/revisions\/219"}],"up":[{"embeddable":true,"href":"https:\/\/zagorz.przemyska.pl\/index.php\/wp-json\/wp\/v2\/pages\/16"}],"wp:attachment":[{"href":"https:\/\/zagorz.przemyska.pl\/index.php\/wp-json\/wp\/v2\/media?parent=118"}],"curies":[{"name":"wp","href":"https:\/\/api.w.org\/{rel}","templated":true}]}}