{"id":150,"date":"2021-10-02T19:35:42","date_gmt":"2021-10-02T17:35:42","guid":{"rendered":"https:\/\/zagorz.przemyska.pl\/?page_id=150"},"modified":"2022-01-17T20:25:11","modified_gmt":"2022-01-17T19:25:11","slug":"nabozenstwa","status":"publish","type":"page","link":"https:\/\/zagorz.przemyska.pl\/index.php\/parafia\/nabozenstwa\/","title":{"rendered":"NABO\u017bE\u0143STWA"},"content":{"rendered":"<div class=\"box\">\n<p><i>SERDECZNIE ZAPRASZAMY NA NASZE COMIESI\u0118CZNE NABO\u017bE\u0143STWA<\/i><\/p>\n<\/div>\n<div class=\"box\">\n<p><i>I czwartek miesi\u0105ca<\/i>&nbsp;\u2013 modlimy si\u0119 o powo\u0142ania kap\u0142a\u0144skie zakonne i misyjne tak\u017ce z naszej parafii.<\/p>\n<p><i>I pi\u0105tek miesi\u0105ca<\/i>&nbsp;\u2013 po Mszy \u015bw. wieczornej wystawienie Naj\u015bwi\u0119tszego Sakramentu, Litanie do Naj\u015bwi\u0119tszego Serca Pana Jezusa i Akt Zawierzenia Sercu Jezusowemu.<\/p>\n<p><i>I sobota miesi\u0105ca<\/i> &#8211; to pami\u0105tka ustanowienia naszego Sanktuarium. Po Mszy \u015bw. wieczornej r\u00f3\u017caniec przed obrazem Matki Bo\u017cej, Pani Zag\u00f3rskiej, Matki Nowego \u017bycia.<\/p>\n<\/div>\n","protected":false},"excerpt":{"rendered":"<p>SERDECZNIE ZAPRASZAMY NA NASZE COMIESI\u0118CZNE NABO\u017bE\u0143STWA I czwartek miesi\u0105ca&nbsp;\u2013 modlimy si\u0119 o powo\u0142ania kap\u0142a\u0144skie zakonne i misyjne tak\u017ce z naszej parafii. I pi\u0105tek miesi\u0105ca&nbsp;\u2013 po Mszy \u015bw. wieczornej wystawienie Naj\u015bwi\u0119tszego Sakramentu, Litanie do Naj\u015bwi\u0119tszego Serca Pana Jezusa i Akt Zawierzenia Sercu Jezusowemu. I sobota miesi\u0105ca [&hellip;]<\/p>\n","protected":false},"author":1,"featured_media":0,"parent":16,"menu_order":3,"comment_status":"closed","ping_status":"closed","template":"","meta":{"ngg_post_thumbnail":0,"footnotes":""},"class_list":["post-150","page","type-page","status-publish","hentry"],"_links":{"self":[{"href":"https:\/\/zagorz.przemyska.pl\/index.php\/wp-json\/wp\/v2\/pages\/150"}],"collection":[{"href":"https:\/\/zagorz.przemyska.pl\/index.php\/wp-json\/wp\/v2\/pages"}],"about":[{"href":"https:\/\/zagorz.przemyska.pl\/index.php\/wp-json\/wp\/v2\/types\/page"}],"author":[{"embeddable":true,"href":"https:\/\/zagorz.przemyska.pl\/index.php\/wp-json\/wp\/v2\/users\/1"}],"replies":[{"embeddable":true,"href":"https:\/\/zagorz.przemyska.pl\/index.php\/wp-json\/wp\/v2\/comments?post=150"}],"version-history":[{"count":3,"href":"https:\/\/zagorz.przemyska.pl\/index.php\/wp-json\/wp\/v2\/pages\/150\/revisions"}],"predecessor-version":[{"id":216,"href":"https:\/\/zagorz.przemyska.pl\/index.php\/wp-json\/wp\/v2\/pages\/150\/revisions\/216"}],"up":[{"embeddable":true,"href":"https:\/\/zagorz.przemyska.pl\/index.php\/wp-json\/wp\/v2\/pages\/16"}],"wp:attachment":[{"href":"https:\/\/zagorz.przemyska.pl\/index.php\/wp-json\/wp\/v2\/media?parent=150"}],"curies":[{"name":"wp","href":"https:\/\/api.w.org\/{rel}","templated":true}]}}