{"id":153,"date":"2022-01-17T19:00:56","date_gmt":"2022-01-17T18:00:56","guid":{"rendered":"https:\/\/zagorz.przemyska.pl\/?page_id=153"},"modified":"2022-01-21T20:05:50","modified_gmt":"2022-01-21T19:05:50","slug":"chrzest","status":"publish","type":"page","link":"https:\/\/zagorz.przemyska.pl\/index.php\/sakramenty\/chrzest\/","title":{"rendered":"CHRZEST"},"content":{"rendered":"<header class=\"entry-header\">\n<h1 class=\"entry-title\"><img loading=\"lazy\" decoding=\"async\" class=\"size-full wp-image-154 alignleft\" style=\"font-size: 16px;\" src=\"https:\/\/zagorz.przemyska.pl\/wp-content\/uploads\/2021\/10\/sakramenty-chrzest-300x200-1.jpg\" alt=\"\" width=\"300\" height=\"200\"><\/h1>\n<\/header>\n<div class=\"entry-content\">\n<div class=\"entry-content\">\n<p style=\"text-align: justify;\"><em><strong>Chrzci\u0107<\/strong><\/em>&nbsp;(gr. baptizein) oznacza: zanurzy\u0107. Sakrament Chrztu \u015awi\u0119tego ustanowi\u0142 Jezus Chrystus, a jego sprawowanie powierzy\u0142&nbsp; swojemu Ko\u015bcio\u0142owi, gdy nakaza\u0142 Aposto\u0142om: \u201eId\u017acie i nauczajcie wszystkie narody, udzielaj\u0105c im chrztu w imi\u0119 Ojca i Syna i Ducha \u015awi\u0119tego.\u201d (Mt 28,19).<\/p>\n<p style=\"text-align: justify;\"><strong>Wa\u017cne informacje<\/strong><\/p>\n<ol>\n<li style=\"text-align: justify;\">Wed\u0142ug wytycznych Synodu Archidiecezji Przemyskiej chrzest winien si\u0119 odbywa\u0107 podczas niedzielnej Eucharystii, a w razie uzasadnianej konieczno\u015bci mo\u017ce mie\u0107 miejsce w innym czasie (Stat. 308 p.1).&nbsp;<\/li>\n<li style=\"text-align: justify;\">Rodzicem chrzestnym mo\u017ce zosta\u0107 osoba, kt\u00f3ra uko\u0144czy\u0142a 16 rok \u017cycia i przyj\u0119\u0142a sakramenty wtajemniczenia chrze\u015bcija\u0144skiego (chrzest, bierzmowanie i Eucharystia). Osoba ta winna odznacza\u0107 si\u0119 \u017cyciem zgodnym z wiar\u0105.&nbsp;(Stat. 309 p.1)<\/li>\n<li style=\"text-align: justify;\">Kandydat na rodzica chrzestnego pochodz\u0105cy z innej parafii winien przedstawi\u0107 za\u015bwiadczenie, \u017ce jest wierz\u0105cym i praktykuj\u0105cym katolikiem. A ka\u017cdy chrzestny przedstawi potwierdzenie przyst\u0105pienia do sakramentu Pokuty.<\/li>\n<li style=\"text-align: justify;\">Zaleca si\u0119, aby przynajmniej jedno z imion nadawanych dziecku figurowa\u0142o w wykazie \u015bwi\u0119tych lub b\u0142ogos\u0142awionych.&nbsp;(Stat. 315)<\/li>\n<li style=\"text-align: justify;\"><strong>W przypadku zagro\u017cenia \u017cycia chrztu mo\u017ce udzieli\u0107 ka\u017cdy cz\u0142owiek maj\u0105cy w\u0142a\u015bciw\u0105 intencj\u0119.<\/strong><\/li>\n<\/ol>\n<\/div>\n<\/div>\n","protected":false},"excerpt":{"rendered":"<p>Chrzci\u0107&nbsp;(gr. baptizein) oznacza: zanurzy\u0107. Sakrament Chrztu \u015awi\u0119tego ustanowi\u0142 Jezus Chrystus, a jego sprawowanie powierzy\u0142&nbsp; swojemu Ko\u015bcio\u0142owi, gdy nakaza\u0142 Aposto\u0142om: \u201eId\u017acie i nauczajcie wszystkie narody, udzielaj\u0105c im chrztu w imi\u0119 Ojca i Syna i Ducha \u015awi\u0119tego.\u201d (Mt 28,19). Wa\u017cne informacje Wed\u0142ug wytycznych Synodu Archidiecezji Przemyskiej chrzest [&hellip;]<\/p>\n","protected":false},"author":1,"featured_media":0,"parent":22,"menu_order":0,"comment_status":"closed","ping_status":"closed","template":"","meta":{"ngg_post_thumbnail":0,"footnotes":""},"class_list":["post-153","page","type-page","status-publish","hentry"],"_links":{"self":[{"href":"https:\/\/zagorz.przemyska.pl\/index.php\/wp-json\/wp\/v2\/pages\/153"}],"collection":[{"href":"https:\/\/zagorz.przemyska.pl\/index.php\/wp-json\/wp\/v2\/pages"}],"about":[{"href":"https:\/\/zagorz.przemyska.pl\/index.php\/wp-json\/wp\/v2\/types\/page"}],"author":[{"embeddable":true,"href":"https:\/\/zagorz.przemyska.pl\/index.php\/wp-json\/wp\/v2\/users\/1"}],"replies":[{"embeddable":true,"href":"https:\/\/zagorz.przemyska.pl\/index.php\/wp-json\/wp\/v2\/comments?post=153"}],"version-history":[{"count":5,"href":"https:\/\/zagorz.przemyska.pl\/index.php\/wp-json\/wp\/v2\/pages\/153\/revisions"}],"predecessor-version":[{"id":266,"href":"https:\/\/zagorz.przemyska.pl\/index.php\/wp-json\/wp\/v2\/pages\/153\/revisions\/266"}],"up":[{"embeddable":true,"href":"https:\/\/zagorz.przemyska.pl\/index.php\/wp-json\/wp\/v2\/pages\/22"}],"wp:attachment":[{"href":"https:\/\/zagorz.przemyska.pl\/index.php\/wp-json\/wp\/v2\/media?parent=153"}],"curies":[{"name":"wp","href":"https:\/\/api.w.org\/{rel}","templated":true}]}}

<header class="entry-header">
<h1 class="entry-title"><img loading="lazy" decoding="async" class="size-full wp-image-154 alignleft" style="font-size: 16px;" src="https://zagorz.przemyska.pl/wp-content/uploads/2021/10/sakramenty-chrzest-300x200-1.jpg" alt="" width="300" height="200"></h1>
</header>
<div class="entry-content">
<div class="entry-content">
<p style="text-align: justify;"><em><strong>Chrzcić</strong></em>&nbsp;(gr. baptizein) oznacza: zanurzyć. Sakrament Chrztu Świętego ustanowił Jezus Chrystus, a jego sprawowanie powierzył&nbsp; swojemu Kościołowi, gdy nakazał Apostołom: „Idźcie i nauczajcie wszystkie narody, udzielając im chrztu w imię Ojca i Syna i Ducha Świętego.” (Mt 28,19).</p>
<p style="text-align: justify;"><strong>Ważne informacje</strong></p>
<ol>
<li style="text-align: justify;">Według wytycznych Synodu Archidiecezji Przemyskiej chrzest winien się odbywać podczas niedzielnej Eucharystii, a w razie uzasadnianej konieczności może mieć miejsce w innym czasie (Stat. 308 p.1).&nbsp;</li>
<li style="text-align: justify;">Rodzicem chrzestnym może zostać osoba, która ukończyła 16 rok życia i przyjęła sakramenty wtajemniczenia chrześcijańskiego (chrzest, bierzmowanie i Eucharystia). Osoba ta winna odznaczać się życiem zgodnym z wiarą.&nbsp;(Stat. 309 p.1)</li>
<li style="text-align: justify;">Kandydat na rodzica chrzestnego pochodzący z innej parafii winien przedstawić zaświadczenie, że jest wierzącym i praktykującym katolikiem. A każdy chrzestny przedstawi potwierdzenie przystąpienia do sakramentu Pokuty.</li>
<li style="text-align: justify;">Zaleca się, aby przynajmniej jedno z imion nadawanych dziecku figurowało w wykazie świętych lub błogosławionych.&nbsp;(Stat. 315)</li>
<li style="text-align: justify;"><strong>W przypadku zagrożenia życia chrztu może udzielić każdy człowiek mający właściwą intencję.</strong></li>
</ol>
</div>
</div>

<p>Chrzcić&nbsp;(gr. baptizein) oznacza: zanurzyć. Sakrament Chrztu Świętego ustanowił Jezus Chrystus, a jego sprawowanie powierzył&nbsp; swojemu Kościołowi, gdy nakazał Apostołom: „Idźcie i nauczajcie wszystkie narody, udzielając im chrztu w imię Ojca i Syna i Ducha Świętego.” (Mt 28,19). Ważne informacje Według wytycznych Synodu Archidiecezji Przemyskiej chrzest [&hellip;]</p>
