{"id":186,"date":"2022-01-17T19:33:14","date_gmt":"2022-01-17T18:33:14","guid":{"rendered":"https:\/\/zagorz.przemyska.pl\/?page_id=186"},"modified":"2022-01-21T20:09:34","modified_gmt":"2022-01-21T19:09:34","slug":"namaszczenie-chorych","status":"publish","type":"page","link":"https:\/\/zagorz.przemyska.pl\/index.php\/sakramenty\/namaszczenie-chorych\/","title":{"rendered":"NAMASZCZENIE CHORYCH"},"content":{"rendered":"<p>Pos\u0142uga sakramentu dokonuje si\u0119 na wyra\u017ane \u017cyczenie chorego w domu, szpitalu lub \u015bwi\u0105tyni. W naszej parafii tak\u017ce w \u015bwiatowy dzie\u0144 chorego 11 lutego. Chorego nale\u017cy zg\u0142osi\u0107 wcze\u015bniej w kancelarii parafialnej lub telefonicznie, podaj\u0105c dok\u0142adny adres i informacj\u0119 czy chory mo\u017ce przyj\u0105\u0107 Komuni\u0119 \u015bw. Do udzielenia sakramentu powinno si\u0119 przygotowa\u0107 st\u00f3\u0142 nakryty bia\u0142ym obrusem, krzy\u017c i \u015bwiece.<\/p>\n","protected":false},"excerpt":{"rendered":"<p>Pos\u0142uga sakramentu dokonuje si\u0119 na wyra\u017ane \u017cyczenie chorego w domu, szpitalu lub \u015bwi\u0105tyni. W naszej parafii tak\u017ce w \u015bwiatowy dzie\u0144 chorego 11 lutego. Chorego nale\u017cy zg\u0142osi\u0107 wcze\u015bniej w kancelarii parafialnej lub telefonicznie, podaj\u0105c dok\u0142adny adres i informacj\u0119 czy chory mo\u017ce przyj\u0105\u0107 Komuni\u0119 \u015bw. Do udzielenia [&hellip;]<\/p>\n","protected":false},"author":1,"featured_media":0,"parent":22,"menu_order":4,"comment_status":"closed","ping_status":"closed","template":"","meta":{"ngg_post_thumbnail":0,"footnotes":""},"class_list":["post-186","page","type-page","status-publish","hentry"],"_links":{"self":[{"href":"https:\/\/zagorz.przemyska.pl\/index.php\/wp-json\/wp\/v2\/pages\/186"}],"collection":[{"href":"https:\/\/zagorz.przemyska.pl\/index.php\/wp-json\/wp\/v2\/pages"}],"about":[{"href":"https:\/\/zagorz.przemyska.pl\/index.php\/wp-json\/wp\/v2\/types\/page"}],"author":[{"embeddable":true,"href":"https:\/\/zagorz.przemyska.pl\/index.php\/wp-json\/wp\/v2\/users\/1"}],"replies":[{"embeddable":true,"href":"https:\/\/zagorz.przemyska.pl\/index.php\/wp-json\/wp\/v2\/comments?post=186"}],"version-history":[{"count":2,"href":"https:\/\/zagorz.przemyska.pl\/index.php\/wp-json\/wp\/v2\/pages\/186\/revisions"}],"predecessor-version":[{"id":270,"href":"https:\/\/zagorz.przemyska.pl\/index.php\/wp-json\/wp\/v2\/pages\/186\/revisions\/270"}],"up":[{"embeddable":true,"href":"https:\/\/zagorz.przemyska.pl\/index.php\/wp-json\/wp\/v2\/pages\/22"}],"wp:attachment":[{"href":"https:\/\/zagorz.przemyska.pl\/index.php\/wp-json\/wp\/v2\/media?parent=186"}],"curies":[{"name":"wp","href":"https:\/\/api.w.org\/{rel}","templated":true}]}}

<p>Posługa sakramentu dokonuje się na wyraźne życzenie chorego w domu, szpitalu lub świątyni. W naszej parafii także w światowy dzień chorego 11 lutego. Chorego należy zgłosić wcześniej w kancelarii parafialnej lub telefonicznie, podając dokładny adres i informację czy chory może przyjąć Komunię św. Do udzielenia sakramentu powinno się przygotować stół nakryty białym obrusem, krzyż i świece.</p>

<p>Posługa sakramentu dokonuje się na wyraźne życzenie chorego w domu, szpitalu lub świątyni. W naszej parafii także w światowy dzień chorego 11 lutego. Chorego należy zgłosić wcześniej w kancelarii parafialnej lub telefonicznie, podając dokładny adres i informację czy chory może przyjąć Komunię św. Do udzielenia [&hellip;]</p>
