{"id":188,"date":"2022-01-17T19:33:57","date_gmt":"2022-01-17T18:33:57","guid":{"rendered":"https:\/\/zagorz.przemyska.pl\/?page_id=188"},"modified":"2022-01-21T20:10:03","modified_gmt":"2022-01-21T19:10:03","slug":"kaplanstwo","status":"publish","type":"page","link":"https:\/\/zagorz.przemyska.pl\/index.php\/sakramenty\/kaplanstwo\/","title":{"rendered":"KAP\u0141A\u0143STWO"},"content":{"rendered":"<p>Do kap\u0142a\u0144stwa przygotowuj\u0105 si\u0119 kandydaci, kt\u00f3rzy chc\u0105 dobrowolnie odpowiedzie\u0107 na wewn\u0119trzne wezwanie do g\u0142oszenia Chrystusa. O powo\u0142ania do kap\u0142a\u0144stwa \u017cycia zakonnego i na misje modlimy si\u0119 szczeg\u00f3lnie w I czwartki miesi\u0105ca.<\/p>\n","protected":false},"excerpt":{"rendered":"<p>Do kap\u0142a\u0144stwa przygotowuj\u0105 si\u0119 kandydaci, kt\u00f3rzy chc\u0105 dobrowolnie odpowiedzie\u0107 na wewn\u0119trzne wezwanie do g\u0142oszenia Chrystusa. O powo\u0142ania do kap\u0142a\u0144stwa \u017cycia zakonnego i na misje modlimy si\u0119 szczeg\u00f3lnie w I czwartki miesi\u0105ca.<\/p>\n","protected":false},"author":1,"featured_media":0,"parent":22,"menu_order":5,"comment_status":"closed","ping_status":"closed","template":"","meta":{"ngg_post_thumbnail":0,"footnotes":""},"class_list":["post-188","page","type-page","status-publish","hentry"],"_links":{"self":[{"href":"https:\/\/zagorz.przemyska.pl\/index.php\/wp-json\/wp\/v2\/pages\/188"}],"collection":[{"href":"https:\/\/zagorz.przemyska.pl\/index.php\/wp-json\/wp\/v2\/pages"}],"about":[{"href":"https:\/\/zagorz.przemyska.pl\/index.php\/wp-json\/wp\/v2\/types\/page"}],"author":[{"embeddable":true,"href":"https:\/\/zagorz.przemyska.pl\/index.php\/wp-json\/wp\/v2\/users\/1"}],"replies":[{"embeddable":true,"href":"https:\/\/zagorz.przemyska.pl\/index.php\/wp-json\/wp\/v2\/comments?post=188"}],"version-history":[{"count":2,"href":"https:\/\/zagorz.przemyska.pl\/index.php\/wp-json\/wp\/v2\/pages\/188\/revisions"}],"predecessor-version":[{"id":271,"href":"https:\/\/zagorz.przemyska.pl\/index.php\/wp-json\/wp\/v2\/pages\/188\/revisions\/271"}],"up":[{"embeddable":true,"href":"https:\/\/zagorz.przemyska.pl\/index.php\/wp-json\/wp\/v2\/pages\/22"}],"wp:attachment":[{"href":"https:\/\/zagorz.przemyska.pl\/index.php\/wp-json\/wp\/v2\/media?parent=188"}],"curies":[{"name":"wp","href":"https:\/\/api.w.org\/{rel}","templated":true}]}}

KAPŁAŃSTWO

<p>Do kapłaństwa przygotowują się kandydaci, którzy chcą dobrowolnie odpowiedzieć na wewnętrzne wezwanie do głoszenia Chrystusa. O powołania do kapłaństwa życia zakonnego i na misje modlimy się szczególnie w I czwartki miesiąca.</p>
