{"id":20,"date":"2022-09-26T22:00:05","date_gmt":"2022-09-26T20:00:05","guid":{"rendered":"https:\/\/zagorz.przemyska.pl\/?page_id=20"},"modified":"2023-05-06T00:06:38","modified_gmt":"2023-05-05T22:06:38","slug":"duszpasterze","status":"publish","type":"page","link":"https:\/\/zagorz.przemyska.pl\/index.php\/parafia\/duszpasterze\/","title":{"rendered":"DUSZPASTERZE"},"content":{"rendered":"<p class=\"bold\"><strong>Ks. Proboszcz<\/strong><\/p>\n<p>Ks. Grzegorz Kolano, \u015bwi\u0119cenia kap\u0142a\u0144skie przyj\u0105\u0142 w&nbsp;1998 roku, poprzednio by\u0142 proboszczem w&nbsp;Ropie\u0144ce, w&nbsp;Zag\u00f3rzu od 2021 roku.<\/p>\n<p class=\"bold\"><strong>Ks. Kustosz Sanktuarium Matki Nowego \u017bycia<\/strong><\/p>\n<p>Ks. J\u00f3zef Kasiak, ur. 1 kwietnia 1951 w&nbsp;Jaros\u0142awiu, \u015bwi\u0119cenia kap\u0142a\u0144skie przyj\u0105\u0142 w&nbsp;1977 roku, poprzednio by\u0142 proboszczem w&nbsp;Myczkowie, w&nbsp;Zag\u00f3rzu od 1999 roku.<\/p>\n<p class=\"bold\"><strong>Ksi\u0105dz Wikariusz<\/strong><\/p>\n<p>&nbsp;<\/p>\n","protected":false},"excerpt":{"rendered":"<p>Ks. Proboszcz Ks. Grzegorz Kolano, \u015bwi\u0119cenia kap\u0142a\u0144skie przyj\u0105\u0142 w&nbsp;1998 roku, poprzednio by\u0142 proboszczem w&nbsp;Ropie\u0144ce, w&nbsp;Zag\u00f3rzu od 2021 roku. Ks. Kustosz Sanktuarium Matki Nowego \u017bycia Ks. J\u00f3zef Kasiak, ur. 1 kwietnia 1951 w&nbsp;Jaros\u0142awiu, \u015bwi\u0119cenia kap\u0142a\u0144skie przyj\u0105\u0142 w&nbsp;1977 roku, poprzednio by\u0142 proboszczem w&nbsp;Myczkowie, w&nbsp;Zag\u00f3rzu od 1999 roku. [&hellip;]<\/p>\n","protected":false},"author":1,"featured_media":0,"parent":16,"menu_order":2,"comment_status":"closed","ping_status":"closed","template":"","meta":{"ngg_post_thumbnail":0,"footnotes":""},"class_list":["post-20","page","type-page","status-publish","hentry"],"_links":{"self":[{"href":"https:\/\/zagorz.przemyska.pl\/index.php\/wp-json\/wp\/v2\/pages\/20"}],"collection":[{"href":"https:\/\/zagorz.przemyska.pl\/index.php\/wp-json\/wp\/v2\/pages"}],"about":[{"href":"https:\/\/zagorz.przemyska.pl\/index.php\/wp-json\/wp\/v2\/types\/page"}],"author":[{"embeddable":true,"href":"https:\/\/zagorz.przemyska.pl\/index.php\/wp-json\/wp\/v2\/users\/1"}],"replies":[{"embeddable":true,"href":"https:\/\/zagorz.przemyska.pl\/index.php\/wp-json\/wp\/v2\/comments?post=20"}],"version-history":[{"count":6,"href":"https:\/\/zagorz.przemyska.pl\/index.php\/wp-json\/wp\/v2\/pages\/20\/revisions"}],"predecessor-version":[{"id":478,"href":"https:\/\/zagorz.przemyska.pl\/index.php\/wp-json\/wp\/v2\/pages\/20\/revisions\/478"}],"up":[{"embeddable":true,"href":"https:\/\/zagorz.przemyska.pl\/index.php\/wp-json\/wp\/v2\/pages\/16"}],"wp:attachment":[{"href":"https:\/\/zagorz.przemyska.pl\/index.php\/wp-json\/wp\/v2\/media?parent=20"}],"curies":[{"name":"wp","href":"https:\/\/api.w.org\/{rel}","templated":true}]}}

<p class="bold"><strong>Ks. Proboszcz</strong></p>
<p>Ks. Grzegorz Kolano, święcenia kapłańskie przyjął w&nbsp;1998 roku, poprzednio był proboszczem w&nbsp;Ropieńce, w&nbsp;Zagórzu od 2021 roku.</p>
<p class="bold"><strong>Ks. Kustosz Sanktuarium Matki Nowego Życia</strong></p>
<p>Ks. Józef Kasiak, ur. 1 kwietnia 1951 w&nbsp;Jarosławiu, święcenia kapłańskie przyjął w&nbsp;1977 roku, poprzednio był proboszczem w&nbsp;Myczkowie, w&nbsp;Zagórzu od 1999 roku.</p>
<p class="bold"><strong>Ksiądz Wikariusz</strong></p>
<p>&nbsp;</p>

<p>Ks. Proboszcz Ks. Grzegorz Kolano, święcenia kapłańskie przyjął w&nbsp;1998 roku, poprzednio był proboszczem w&nbsp;Ropieńce, w&nbsp;Zagórzu od 2021 roku. Ks. Kustosz Sanktuarium Matki Nowego Życia Ks. Józef Kasiak, ur. 1 kwietnia 1951 w&nbsp;Jarosławiu, święcenia kapłańskie przyjął w&nbsp;1977 roku, poprzednio był proboszczem w&nbsp;Myczkowie, w&nbsp;Zagórzu od 1999 roku. [&hellip;]</p>
